/6 + 5*x**2 + 15*x. Calculate c(-10).
1
Let k(v) = 5*v**2 + 0*v**2 - 4*v**2 + 3 + v + 0*v**2. What is k(3)?
15
Let a(y) = y + 5. Let i be a(-2). Let n = 1 + 7. Let s(d) = 3*d**3 + 12*d**2 - 8*d. Let j(c) = -c**3 - 4*c**2 + 3*c. Let g(h) = i*s(h) + n*j(h). Give g(-3).
9
Let y(w) be the first derivative of -5*w + 3 - 1/2*w**2. Calculate y(5).
-10
Suppose -30 = -630*b + 615*b. Let t(g) = -g**2 + 0 - g + 2 + 2*g**2 - 1. Calculate t(b).
3
Let j(z) = -z**3 + 7*z**2 - 6*z - 4. Suppose -2*l = -22 + 12. What is j(l)?
16
Suppose -z - 3*z + 28 = -4*q, 4*q = -4*z + 20. Let v be 28/6 + 2/z. Let s(j) = -j**2 + 4*j. Give s(v).
-5
Let x(s) = s**2 - 18*s + 8. Let q(d) = 2*d**2 - 30*d + 15. Let b(k) = -3*q(k) + 5*x(k). Let h be 0*(1 - (-1)/(-2)). Determine b(h).
-5
Let n(p) = -11*p**3 + 19*p**2 + 9*p - 1. Let h(m) = 14*m**3 - 20*m**2 - 8*m + 2. Let a(l) = 4*h(l) + 5*n(l). Determine a(-14).
17
Let a be ((-8)/6)/4*3. Let j = a - -4. Let b(q) = -5*q**3 + 6*q**2 - 6*q + 4. Let m(i) = -i**3 + i**2 - i. Let p(x) = b(x) - 4*m(x). Calculate p(j).
-11
Suppose -3*j = -h - j + 1, -2*h = -2*j - 4. Let q(k) = 2*k + 48*k**2 + 1 + k + k**h - 54*k**2. Suppose 0 = 2*x - 3 - 7. Determine q(x).
-9
Let l = 17 - 2. Let i be l/4 - 2/(-8). Let t(s) = 6*s**2 + i*s - 5*s - 3*s - 4*s + s**3. Give t(-7).
7
Let t = 21 - 14. Let y(x) = x**2 - 5*x - 8. Let k be y(t). Let v(z) = -z**3 + 6*z**2 + z - 2. Calculate v(k).
4
Let x be (3*-6)/(-2) - 2. Suppose -6 = -5*n + 9. Let r(p) = 2 - 3*p**3 + 3*p**3 - 1 - 7*p**2 + p**n. Give r(x).
1
Let g(o) be the first derivative of -o**4/4 + 3*o**3 - 7*o**2/2 - 5*o - 292. Calculate g(8).
3
Let u(n) = n**2 - 10*n + 13. Suppose -22*m + 204 = 50. Calculate u(m).
-8
Let h(t) be the second derivative of t**4/12 - 2*t**3/3 + t**2/2 - 17*t. Suppose 0 = -2*b + 4 - 0. Suppose -4 - b = -2*w. Calculate h(w).
-2
Let y(p) = -p - 5. Let w = 32 + -32. Suppose -t = -w*t. Calculate y(t).
-5
Suppose 8*o - 5 = 11. Let u(x) = 6*x - 11*x - o + 0*x. Suppose -2*g - 6 = g. Give u(g).
8
Let k be -1*10*(-2)/4. Suppose k*h = h + 8. Let m(t) = 4*t**h - 3*t**2 + 2*t - 2*t + 6*t + 1. What is m(-5)?
-4
Let v = -51 + 45. Let d(s) = -7*s**3 - 3*s**2 - s - 3. Let t(i) = 15*i**3 + 6*i**2 + 2*i + 7. Let p(y) = v*t(y) - 13*d(y). Give p(-3).
-6
Let x(q) = 8*q**2 + 20*q**2 + 6*q**2 + q - 30*q**2. Give x(-1).
3
Let a(q) = q**3 + 3*q**2 - 6*q + 14. Let m be a(-5). Let k(y) = -y**2 - 4*y + 1. Give k(m).
-11
Let v(q) = 1 + 6*q - q**3 - 3*q - 3*q**2 - q. Let k(b) = -9*b - 110. Let w be k(-12). Calculate v(w).
-7
Let r(k) = -15*k**3 - 5*k**2 + 16*k. Let s(h) = 9*h**3 + 3*h**2 - 10*h. Let o(x) = -5*r(x) - 8*s(x). What is o(-2)?
-20
Let h(p) = 34*p**2 + 94*p - 5. Let d(t) = -16*t**2 - 43*t + 2. Let g(b) = -13*d(b) - 6*h(b). Determine g(2).
10
Let j(x) be the second derivative of x**4/12 - 10*x**3/3 + 15*x**2/2 - 95*x. Calculate j(20).
15
Let f(k) = -5*k**2 + 66*k - 14. Let v be f(13). Let t = -8 - -12. Let q(w) = w + 1. Let m(l) = l + 5. Let n(s) = t*q(s) - m(s). Determine n(v).
-4
Let h(a) = -a. Let c(n) = -3*n - 23. Let m be c(-13). Suppose -t - m = -5*g, 4*t + 5*g = 20 - 9. Determine h(t).
1
Let w(l) = 11*l**2 + 2*l - 1. Let o be (-6)/12*(-4 + 2). What is w(o)?
12
Let l(k) = k + 15. Let c be l(-6). Suppose 5*n = c + 11. Let i(o) = 2*o**2 - 4 - 3*o**2 + 4 - n + 3*o. What is i(4)?
-8
Let y(u) = -u**2 + 3*u. Suppose 11*f = -8*f + 95. Determine y(f).
-10
Let b(v) = 6*v - 1. Let z(s) = -4 + 2 + 8*s - 1 + 4*s. Let l(p) = -7*b(p) + 3*z(p). Determine l(2).
-14
Let m = 7 - 4. Let t(f) = -1. Let h(o) = -o + 7. Let w = -6 + 12. Let a(g) = w*t(g) + h(g). Determine a(m).
-2
Let t(i) = 3*i**3 - i + 1. Let s = -15 - 12. Let v = s - -28. What is t(v)?
3
Let u(h) = 2*h - 6. Let m(k) = -3*k + 6. Let p(i) = -4*m(i) - 5*u(i). Suppose -3*r + 8 = -7. Suppose -3*n + 7 = -5*y - 4, 0 = -3*y + r*n + 3. Calculate p(y).
-2
Suppose 37*m = 15*m - 44. Let c(r) = 3*r**2 + 4*r + 3. Give c(m).
7
Let q(f) = -2*f**3 - f**2. Let s(r) = 7*r**3 + 10*r**2 - 4*r - 7. Let a(u) = -4*q(u) - s(u). Calculate a(6).
31
Let v(y) = 5*y - 1. Let s(x) = -3*x**2 + 2*x - 7. Let c(m) = -m**2 - 1. Let k(w) = 2*c(w) - s(w). Let d be k(3). Let z be (d/(-6))/((-10)/(-15)). Give v(z).
-11
Let f(m) = -9*m + 2. Suppose 2*j - 14 = -2*p, -2*p + 14 = 3*j - 2. Give f(p).
-43
Let l(m) = 3*m - 159*m**2 + m**3 - 4 + 9 - 3 + 161*m**2. Give l(-2).
-4
Let n(c) = c**2 + 3*c - 4. Suppose 28 = 61*s - 68*s. Determine n(s).
0
Let r(p) = -21*p. Let m = -16 - -18. Suppose z + 3*q = -7, 5*z - m = z + 3*q. Give r(z).
21
Let a(c) be the second derivative of c**5/20 + c**4/2 - 5*c**3/2 + 2*c**2 + 2*c - 156. Determine a(-8).
-4
Suppose -2*u - 2*u = 32. Let z = u - -7. Let n(i) be the first derivative of 3*i**2/2 + 4. What is n(z)?
-3
Let z(h) = 19 - 136*h + 138*h - 12. What is z(-7)?
-7
Let f = -11 + 18. Suppose 2*a - 4*d + 0 = 8, -4*a - d + f = 0. Let m(y) = 8*y - a + 0 - 4*y + 3. Determine m(1).
5
Let r(h) be the second derivative of 0 + 1/12*h**4 - 95*h - 1/6*h**3 + 4*h**2. Let f(y) = y**3 - 5*y**2 + 3*y + 4. Let z be f(4). What is r(z)?
8
Suppose 48 = -6*y + 10*y - 4*z, -3*z + 13 = 4*y. Let v(o) = 3*o - 17. Calculate v(y).
4
Let y(o) be the third derivative of 5*o**4/24 + o**3 + 182*o**2. Calculate y(0).
6
Let o(r) = r**3 - 18*r**2 - 9 + 11*r - 5*r**2 + 15*r**2 + 0*r**3 - 5*r**2. Give o(12).
-21
Let g(i) = i - 5. Let s be 2/(-6) - 91/(-21). Let y be g(s). Let d(o) = -189 + 3*o + 379 - 190. Give d(y).
-3
Let z = 127 + -124. Let p(a) = -a - 5. Calculate p(z).
-8
Let z(l) = -l**3 + 6*l**2 - 4*l - 6. Let q be z(5). Let p be 6/(-2) + (q + 0 - -2). Let k(g) = -4*g**2 - g. Give k(p).
-14
Let i(c) = -2*c. Let y(n) = 5*n - 1. Let v(q) = -8*i(q) - 3*y(q). Suppose 9 = -3*u, 6*w - w = -5*u. Determine v(w).
6
Let h(j) = -j**3 + 17*j**2 - 4*j + 8. Let l(o) = -o**2 - o. Let i(y) = -h(y) - 6*l(y). What is i(10)?
-8
Let d(l) = 4*l**2 + 3*l + 2. Let w(s) = 5*s**2 - 72*s + 27. Let h be w(14). Calculate d(h).
3
Suppose 8*p - 2 + 50 = 0. Let j(a) = a**2 + 7*a + 3. Give j(p).
-3
Let m be ((-123)/(-18) + -6)/((-3)/(-18)). Let w(j) = j**3 - 4*j**2 - 7*j - 2. Determine w(m).
-12
Let x(i) = -i**3 - 5*i**2 - 5*i - 1. Suppose 55 = 1052*n - 1063*n. What is x(n)?
24
Let b(v) = -2*v - 2. Let w be -3*(63/7)/27. Give b(w).
0
Let w(v) = -5*v**2 + 3. Let f(c) = 9*c**2 - 7. Let j(r) = 4*f(r) + 7*w(r). Give j(5).
18
Suppose 7 = b - 4*a - 16, -4*a - 12 = 0. Suppose -4*i - 5*t = 4, -2*i - b = -t + 5. Let r(f) be the first derivative of f**3/3 + 3*f**2 + 4*f + 1. Give r(i).
4
Let a(b) = b + b**3 - b**2 + b**2. Let o(w) = -w**3 + 2*w**2 + 3*w - 6. Let d be o(2). Let c(u) = u**3 - 2*u**2 + 3*u - 1. Let g be c(d). What is a(g)?
-2
Let r(d) be the third derivative of d**6/720 - d**4/24 + 16*d**2. Let l(h) be the second derivative of r(h). Determine l(-6).
-6
Let v(c) be the third derivative of 0 - 1/6*c**4 - 15*c**2 - 1/15*c**5 + 0*c - 1/120*c**6 - 1/3*c**3. Let m = -4 - 0. Give v(m).
14
Suppose 2*g - 4*g - 4*l + 6 = 0, -g + 5*l = -3. Let z(r) = 1 - 2*r - 2 - g. Let o = -341 - -335. What is z(o)?
8
Let f(v) = 4*v**2 + v + 1. Suppose -8*k + 3*k + 25 = 0. Suppose -k*z = -3*z - 10. Suppose -y = 4*y + z. Determine f(y).
4
Suppose 4*r = -5*w + 16, -139 = r - 143. Let f(i) = i**2 + 2*i + 7. What is f(w)?
7
Let t = -22 - -27. Suppose -2*p + 18 = -z + t*z, 3*z + 3 = 4*p. Let n(l) = 4*l**2 - 5*l. Let c(o) = -o**2 + o + 1. Let s(r) = z*c(r) + n(r). Determine s(2).
3
Let f(x) = -11*x - 3. Let h(c) = -8*c - 3. Let n(v) = -4*f(v) + 5*h(v). What is n(-5)?
-23
Let k be 0/(-1) - (-2)/(-2). Let y be (-24)/(-5) - k/5. Let g(a) = -17 - 11 + 4*a + 41 - a**2 - 14. What is g(y)?
-6
Let n be (-4)/(4/(-5)) + 1. Let h(j) = 2*j - 8 + 14 - n - 1. Calculate h(4).
7
Let p(k) = 9*k + 18. Let j(u) = -3*u - 7. Let t(x) = 5*j(x) + 2*p(x). What is t(5)?
16
Let u(d) = d - 1. Suppose -o + 5*n = -43, -5*o + 70 = -3*n - 101. Let f = 38 - o. Calculate u(f).
4
Let j = 59 + -52. Let z be j + (5 - 3) + -1. Let n(u) = -u**3 + 8*u**2 + u - 4. Determine n(z).
4
Let u(j) be the second derivative of -4*j + 0 + 1/12*j**4 - 1/120*j**5 + 0*j**2 + 0*j**3 + 1/360*j**6. Let h(k) be the third derivative of u(k). Give h(-2).
-5
Let v be 34/(-8) - (-21)/(-28). Let t(g) be the second derivative of g - 1/2*g**2 - 1/20*g**5 + 0 + 5/6*g**3 - 1/3*g**4. What is t(v)?
-1
Let r(